 - 10*x**2. What is the tens digit of c(-6)?
1
Let x(p) = -4*p**3 + 4*p**2 + 4*p - 7. Let r be x(3). Let w = r - -129. What is the units digit of w?
2
Let k = 3 + -1. Suppose 5*f - k*f + 21 = 0. What is the tens digit of (-156)/f - 18/63?
2
Let r(w) = w**3 + 11*w**2 + 11*w. Let a(v) = -v**3 + 12*v**2 + 13*v - 8. Let f be a(13). What is the hundreds digit of r(f)?
1
Suppose 4*i = 5*d + 35, 5*i - 3*d = 2*i + 24. Suppose -2*v = -3*v + i. What is the units digit of v?
5
Let s = -9 - -1. Let k(d) = d**2 + 4*d + 7. Let u be k(s). Let j = u + -23. What is the units digit of j?
6
Let c(t) = 4*t - 8. Let d be c(-8). Let a = d - -126. What is the tens digit of a?
8
Let t(f) = -10*f**3 - f**2 - 2*f - 1. Let x be t(-1). Let p(c) = 16*c - 18. What is the tens digit of p(x)?
4
Suppose -3*v = -f + 6*f - 3889, 0 = 5*v - f - 6519. What is the tens digit of v?
0
Let b = 265 + -30. What is the tens digit of b?
3
Suppose 3*p + 2*p = 0. Suppose -3*f - 7 + 76 = p. What is the tens digit of f?
2
Let k = -6 - -13. Let i = k - 10. What is the units digit of 8 - (4/(-2) - i)?
7
Let p(a) = 487*a**2 - 4*a + 4. What is the tens digit of p(1)?
8
Suppose -5*z = 5*q - 2150, -4*z + z + 5*q + 1322 = 0. What is the hundreds digit of z?
4
What is the tens digit of (-4)/20*(-8)/((-16)/(-26210))?
2
Let b(t) = -t**2 + 5*t - 4. Let c be b(3). Suppose -2*n - c*n - 120 = 0. What is the units digit of (n/(-9))/(4/6)?
5
Suppose 0 = 6*g + 676 - 3562. What is the units digit of g?
1
Let q(p) = -210*p - 16. What is the units digit of q(-1)?
4
Let t = 592 + 1064. Suppose -4*z = 3*o + 4964, -o + 0*z = 2*z + t. What is the units digit of o/(-49) + (-2)/(-7)?
4
What is the units digit of 6/(-9) + (-3)/(18/(-1480))?
6
Suppose -10 = -2*k + 344. Suppose -v + m = v - k, 5*m + 5 = 0. What is the tens digit of v?
8
Let u = -1139 + 1899. Suppose 119*i - 114*i - u = 0. What is the hundreds digit of i?
1
What is the tens digit of (-4074)/(-84) - (-1)/(-2)?
4
Let w = 21 + 24. Let h = 120 - w. What is the tens digit of h?
7
Let s(i) be the third derivative of 5*i**4/12 - 11*i**3/2 - i**2. What is the tens digit of s(6)?
2
Suppose -37*v + 42*v - 3*c + 71 = 0, -45 = 3*v - 3*c. Let o = 21 - 36. Let l = v - o. What is the units digit of l?
2
Let y = 46 + -37. Let n = -8 + y. What is the units digit of n?
1
Let m = 17 - 5. Let a(s) = -m - 12*s + 5 + 2. What is the tens digit of a(-2)?
1
Suppose 49*c = 56*c - 3423. What is the units digit of c?
9
Suppose 0 = 4*k - 1 - 3. Suppose 8 = 4*z, -2*z + k = 4*h - 3. Suppose h = -3*s + 8 - 2. What is the units digit of s?
2
Let p = -3658 - -6322. What is the tens digit of p?
6
Suppose 5*q + v - 13303 = 0, 2*q + 2*v + 1594 - 6920 = 0. What is the units digit of q?
0
What is the units digit of (7/((-84)/(-8)))/(18/17631)?
3
Let d be (33/44)/((-2)/(-992)). Suppose -d = -5*t + 4*q, 2*t + 2*t = 3*q + 297. Suppose 2*k = 3*x - 72, -3*x - k = -0*k - t. What is the tens digit of x?
2
Let s = 510 + -387. What is the tens digit of s?
2
Suppose -2*q + 1001 = 5*y - 1349, 4*q = 5*y - 2320. What is the hundreds digit of y?
4
Let q = -739 - -1463. What is the hundreds digit of q?
7
Let h be (-2)/12 + 341/66. Let f = h + 0. Suppose f*p = 4*p + 45. What is the units digit of p?
5
Let z(x) = x**2 + 2*x - 13. Let m be z(-7). What is the units digit of m/12 - 5/(-30)?
2
Suppose -5*f + 0*f + 5*n = -30, -2*f + 4 = 2*n. Let t = -2 + f. Suppose -2*v + v - y = -2, -t*v = y - 5. What is the units digit of v?
3
Let a = -30 - -27. Let t be -9*a*1/9. Suppose b = t + 5. What is the units digit of b?
8
Suppose -112 = -7*b + 3*b. Suppose b = -14*x + 18*x. What is the units digit of x?
7
Suppose -3728 = -18*j + 2788. What is the units digit of j?
2
Suppose -4*c + 4*l + 336 = 0, 5*c + 3*l = 6*l + 410. Let q = 411 - c. What is the units digit of q?
2
Let w(k) = 107*k**2 - 7*k + 3. What is the units digit of w(2)?
7
Suppose -l + 2739 = 2*l + 2*h, h = -3*l + 2736. What is the hundreds digit of l?
9
Suppose -5*r - 283 = -828. Suppose 4*k + 0*k - 5*a = 481, -k + r = a. What is the units digit of k?
4
Let i = 44 + -39. Suppose -h - i*g = h - 67, 0 = -3*h + 5*g + 113. What is the tens digit of h?
3
Suppose -339*n = -346*n + 17969. What is the tens digit of n?
6
Let j(i) = -i + 25. Let k be j(21). Suppose k*u - 52 = 5*t + 8, -3*t - 8 = -u. What is the units digit of u?
0
Let l be (12/(-8) - -2)*(-2 - -10). What is the hundreds digit of (l + (-215)/(-20))*(-1 - -9)?
1
Suppose -6*d + 295 + 95 = 0. Suppose 64 = 3*b - d. What is the tens digit of b?
4
What is the tens digit of (-2 - (-60)/42) + 47692/14?
0
Let z be 1 + -5 + 4 - 0. Suppose 3*m + 5*q - 26 + 6 = z, -40 = -3*m - q. What is the units digit of m?
5
Let q be (-1)/3 - (-176)/24. Let j = 11 - q. What is the tens digit of 30 - (j + (-1 - 0))?
2
Let w(k) = -k**3 - 10*k**2 - k + 13. Let t be w(-9). Let m = t + 184. What is the units digit of m?
5
Suppose -9*h = -5*h - 12. Let s = 27 - 9. Suppose 0 = h*a + 9 - s. What is the units digit of a?
3
Suppose -244 = -5*d + 296. What is the units digit of (273/9 + 1)/(24/d)?
1
Suppose 5*x = -3*i + 4323, 0 = 2*x - 0*x - i - 1738. What is the hundreds digit of x?
8
Suppose -3*x = -3*n + 87, x + 83 = 4*n - n. Suppose -v + 2*z - 1 = 0, 0*z - 2*z - n = 3*v. Let w = 0 - v. What is the units digit of w?
7
Let j = 26 + -35. Let d = j - -2. What is the tens digit of (-5 + d)*15/(-12)?
1
Let j(f) = -f**3 - f - 10. Let g be j(0). Let a(l) = l**2 - 12*l - 37. What is the tens digit of a(g)?
8
Suppose 7*g = 3*g + 1548. Suppose 0 = 4*p - g + 67. What is the units digit of p?
0
Suppose 4*c + 5 = 3*c. What is the units digit of ((-34)/10)/(c/25)?
7
Suppose 5*q - 1613 = -0*o - 4*o, o - 2 = 0. What is the tens digit of q?
2
Suppose -5*o + 4*t = 30, 0 = -4*o + t - 21 - 14. Let u = o + 7. What is the units digit of (-4)/(-6) - 25/u?
9
Let v = -50 + 30. What is the tens digit of ((-2)/3)/(v/1770)?
5
Let a(w) = w - 18. Let u be a(17). Let k be -417*2/(-6)*u. Let t = -91 - k. What is the units digit of t?
8
Suppose -t + z - 111 = 0, 0 = -0*t - 4*t - z - 444. What is the tens digit of ((-22)/(-6) - 4)*t?
3
Let q(f) = -2*f**3 + 1. Let k be q(-1). Suppose 4*v = d - 2, 0 = v + k*d + 7. What is the units digit of v/2 + 85/10?
8
Suppose -5*c + 3*g = -264, 3*g = 2*c - 2*g - 98. Let h = c + 31. What is the units digit of h?
5
Let w = 3383 - 2343. What is the hundreds digit of w?
0
Suppose k + 0 = 6. Suppose 7*i - 10*i = k. What is the tens digit of (-6)/i - (-11 - 0)?
1
Let x(g) = -2*g**3 - 11*g**2 + g - 18. Let w be x(-7). Suppose 0 = -6*q + w + 118. What is the units digit of q?
0
Suppose -4*f = -5*r - 19, -3*f + 2 = -1. Let y(x) = x**2 + 3*x - 2. Let p be y(-3). Let m = p - r. What is the units digit of m?
1
Let h be (-4)/(-6)*(-27)/18. Let p = h + 5. What is the units digit of (-1)/p + 50/40?
1
Let a(d) = 5*d**2 + 8*d - 7. Let q be a(-6). Suppose 0 = -4*k + q + 559. What is the units digit of k?
1
Suppose 24*i - 14595 = 8325. What is the tens digit of i?
5
Let f be 5446/84 + 1/6. Suppose 5*z + 0*z = f. What is the tens digit of z?
1
Let o(f) = f**2 - 28*f - 9. What is the hundreds digit of o(-11)?
4
Let m(f) = 27*f**2 - 14*f - 18. What is the tens digit of m(-7)?
0
Suppose -8 = -j - j. Let u = 0 + j. Suppose -u*w + 7*w = 96. What is the tens digit of w?
3
Let w be (-385)/33*(-6)/5. Suppose w = 4*o - 10. What is the units digit of o?
6
Let j = -21 + 21. Let b = 13 - 9. Suppose -2*n - 3*y + b = -j*n, 36 = 5*n + y. What is the units digit of n?
8
Let t be -2*1 + (3 - 4) + 11. Suppose -t*p = -10*p + 76. What is the units digit of p?
8
Suppose x - 2111 = -4*v, -4*v + 2116 = -65*x + 61*x. What is the hundreds digit of v?
5
Suppose 15 = -p - 5*b, p + 2 = -2*b - 4. Let h be (-2)/5 - (-104)/10. What is the units digit of 7/2*h - p?
5
Let g(z) = -1. Let r(k) = 21*k + 18. Let o(f) = 15*g(f) + r(f). What is the tens digit of o(7)?
5
Suppose -21*p = -24*p - 14712. What is the hundreds digit of -2 - (-24)/10 - p/40?
1
Let x(l) be the third derivative of 3*l**4/8 + l**3/2 - 7*l**2. What is the tens digit of x(10)?
9
Suppose -1624 = k - 5*k - 4*a, -a - 2042 = -5*k. What is the hundreds digit of k?
4
Let b = -27 + 35. Suppose -b + 37 = t. What is the tens digit of t?
2
Let c(s) = 12*s**2 + 34*s - 2. What is the hundreds digit of c(4)?
3
Let j = -65 - -57. Su